, 4*n - 8 = -w*u - 0. Let m(k) = -k**2 + 5*k + 1. Calculate m(u).
5
Let q = 926 - 285. Let a(y) = 1278*y - q*y - 10 - 640*y. Determine a(-4).
2
Let f(s) be the first derivative of -s**5/40 + s**4 + 38*s**3 - 126. Let c(a) be the third derivative of f(a). Give c(10).
-6
Let j(l) be the second derivative of -7*l**3/3 + 31*l**2 + 1644*l. Determine j(5).
-8
Let v(a) = -3*a - 20. Let o = 4993 + -4987. Determine v(o).
-38
Suppose -36*x + 59*x = 207. Let h be x + 2 - ((-5 - -9) + 0). Let p(j) be the second derivative of j**4/12 - 7*j**3/6 - 3*j**2 + j. What is p(h)?
-6
Let q(h) = h + 86. Let n(l) = -97. Let x(v) = -6*n(v) - 7*q(v). Determine x(-5).
15
Let q(a) = -115*a**3 + 58*a**2 - 41*a - 621. Let c(p) = -43*p**3 + 19*p**2 - 14*p - 206. Let s(i) = -8*c(i) + 3*q(i). What is s(21)?
-5
Let u(r) = r - 1. Let i(y) be the second derivative of y**2/2 - 9*y. Let t(j) = -3*i(j) - u(j). Let f = -3076 + 3068. Give t(f).
6
Let u(x) = 4*x + 5. Suppose 67 = 11*g + 23. Suppose 2*p - 13 = 5*s, -g*p + 0*p = 5*s - 11. Give u(p).
21
Let c(b) = b - 1. Let y(k) = -20*k + 15. Let a(s) = 15*c(s) + y(s). Let v(m) = 11*m. Let n(p) = -9*a(p) - 4*v(p). Give n(7).
7
Let r(c) be the second derivative of 3*c**2 - 24*c + 1/12*c**4 + 7/3*c**3 + 0. What is r(-6)?
-42
Let u(x) be the first derivative of x**4/4 + x**3 - x + 1042. What is u(-2)?
3
Let j(n) = -n**2 + 11. Let f be j(-3). Let w(k) = 3 + 4 - 3 - f*k. What is w(4)?
-4
Let s(v) = 2*v**3 - 3*v**2 + 2*v + 45. Let x be s(0). Suppose -x*p + 51*p + 12 = 0. Let c(i) be the first derivative of 2*i**3/3 + i**2 - 2*i - 1. What is c(p)?
2
Let h(w) = w - 3. Let j(c) = -5*c**3 + c**2 + c. Let p(d) = -6 - 9*d - 61*d**2 + 59*d**2 + 20*d. Let x be p(5). Let s be j(x). Calculate h(s).
2
Let i(h) be the second derivative of h**4/12 + 7*h**3/6 + h**2 - 8*h - 18. Let g = 86 + -92. Calculate i(g).
-4
Let b(z) = -z**3 + 8*z**2 - 5*z - 2. Suppose 11*f - 7 = 6*f + 4*l, 2*l = -5*f - 11. Let k(j) = -4*j + 3. Let u be k(f). What is b(u)?
12
Let x(q) = q**3 - 11*q**2 + 10*q - 3. Suppose -4*k + 36 = 2*d, -10*d + 9 = k - 13*d. Let a(l) = -l**3 + 9*l**2 - 2*l + 28. Let s be a(k). What is x(s)?
-3
Let g(r) be the first derivative of -7*r**2 + 3*r + 5684. Give g(-1).
17
Let o(f) = f. Let i(r) = -r**3 - 1. Let q(l) = 3*l**3 + 10*l**2 + 4*l - 36. Let k(x) = 2*i(x) + q(x). Let d be k(-9). What is o(d)?
7
Let t(l) be the second derivative of l**5/20 + l**3/6 + 5*l**2/2 - 1892*l. What is t(0)?
5
Let v = 40 + -40. Let z(n) = v*n + 9*n**2 - 8*n**2 - 2 + 0 - n. Let a(w) = -w**3 - 6*w**2 + w + 8. Let b be a(-6). What is z(b)?
0
Let b(c) = -8*c + 13. Let q(g) = -21*g + 42. Let l(r) = -11*b(r) + 4*q(r). Determine l(-8).
-7
Let j be (-3)/(-5) + 198/(-30). Let r = -5 - j. Let n(t) be the first derivative of -4*t**4 + t**3/3 - t**2/2 + t + 324. Give n(r).
-15
Suppose -2*k - 4*t + 18 = 0, k + 2*k + 6 = 5*t. Let v(z) = -68*z**3 + 34*z**2 - 30*z**2 - 2*z + 67*z**3 + 1. What is v(k)?
4
Suppose 0 = 5*d + 3*m - 37, -28 = -5*d + 2*m - 11. Suppose 3*l + 0 = x - 1, d*l = 2*x. Let i(t) be the first derivative of -2*t**2 - 6*t - 1. Determine i(x).
14
Let h = -3736 + 3736. Let l(p) = p - 60. Give l(h).
-60
Let z(j) be the third derivative of 7/60*j**5 + 153 + 4/3*j**3 + 1/4*j**4 - 1/120*j**6 - j**2 + 0*j. Determine z(8).
-8
Let x(w) be the third derivative of w**9/2520 - 21*w**5/20 + 4*w**2 - 6. Let q(b) be the third derivative of x(b). Determine q(1).
24
Let x(f) = -17*f**3 - 5*f - 7. Let o(y) = 14*y**3 + y**2 + 5*y + 7. Let v(l) = 6*o(l) + 5*x(l). Give v(7).
-7
Let h be (7 + -2 - 2)*-3. Let i(r) be the third derivative of r**4/24 + 5*r**3/3 - 67170*r**2. Give i(h).
1
Let h be (-11)/(77/(-2))*21. Let v(j) = -8*j + 13. Let l(z) = z - 2. Let r(s) = h*l(s) + v(s). Let a be ((-1)/(3/(-4)))/(13/39). Give r(a).
-7
Suppose 31 = -3*b + 31. Suppose b = -l - l - l. Suppose -v = -7 - l. Let f(m) = -m - 1. Determine f(v).
-8
Let x = 5598 + -5595. Let d(o) be the third derivative of -o**4/8 + o**3/6 + o**2. Determine d(x).
-8
Let j(n) = n**3 + 4*n**2 + 7*n + 3. Let q be (-6231)/1273 + ((-144)/(-76) - 2). Determine j(q).
-57
Let d(q) = -q + 4. Let z(x) = -x**3 + 9*x**2 + 54*x - 10. Let r be z(13). Determine d(r).
-12
Let p(o) be the first derivative of 44*o**3/3 - o**2/2 + o + 899. What is p(-1)?
46
Suppose 77*l - 30*l + 329 = 0. Let u(b) be the third derivative of b**6/120 + 2*b**5/15 + b**4/4 - b**3/6 + 3*b**2. Calculate u(l).
6
Let w(d) = -51772*d + 29 - 26 + 51781*d. Suppose -f + 2*c = -0*f - 9, 2*c = 3*f - 15. Calculate w(f).
30
Let f(y) = -30*y - 55. Let h(r) = 5*r + 12. Let i(a) = 2*f(a) + 11*h(a). Calculate i(11).
-33
Suppose -148 = -7*a - 750. Let d = a - -92. Let o(c) = -c**2 + 6*c - 9. What is o(d)?
-9
Let z(y) = y**2 + 15*y - 34. Suppose -85 = -4*p - 145. Determine z(p).
-34
Let i(x) = -5*x - 2. Let t(k) be the first derivative of -3*k**3 - k**2/2 - 2*k + 20. Let o be t(-1). Let u be ((-26)/o - 2)/((-5)/(-25)). What is i(u)?
-17
Let c(v) = -v**3 - v**2 + 4*v - 3. Let p(n) = -8*n**2 - 6*n + 6. Let f(k) = 23*k**2 + 18*k - 18. Let s(t) = 6*f(t) + 17*p(t). Let o be s(1). What is c(o)?
-7
Let y(i) = 4*i + 4. Suppose 5*n + 181 = 4*b, -b - 15 + 61 = -2*n. Suppose b*r = -48 - 40. Calculate y(r).
-4
Let w = -90 - -94. Let z(p) = -w - 5*p + 2*p + p**3 - 15*p**2 + 25*p**2 - 7*p. What is z(-11)?
-15
Let y(w) be the third derivative of -w**6/120 - 3*w**5/20 - 7*w**4/24 + 4*w**3/3 + 2*w**2. Let n be y(-8). Let k(a) = 628 - 622 + a + n*a. Calculate k(-6).
0
Let a(l) = 0*l - 3*l + 16*l**2 - 2 + 4 - 2*l**2 - 8*l**2. Calculate a(1).
5
Let j(c) be the second derivative of -2*c**3/3 + 2*c**2 - 1090*c. What is j(7)?
-24
Let q(s) = -s + 1. Let f(o) = 4 + 3 - 4 + 2 - 5*o. Let b(j) = 2*f(j) - 11*q(j). Let a(p) = 7*p - 7. Let i(m) = -a(m) + 6*b(m). Calculate i(2).
-1
Let d = -262 + 276. Let x(b) = b - 44. What is x(d)?
-30
Let u(w) = w - 2. Let i(c) = 8*c - 18. Let s(f) = -6*i(f) + 51*u(f). Give s(-1).
3
Let q(z) be the second derivative of z**4/12 - 2*z**3/3 - 2*z**2 + 22*z + 30. What is q(0)?
-4
Suppose h = 3*h, -4*h = -5*w - 5. Let u(g) be the third derivative of -7*g**6/360 + 3*g**4/8 + 2*g**2. Let k(r) be the second derivative of u(r). What is k(w)?
14
Let q be -1*(-2)/(2 + 32/(-20)). Let p(f) = -3*f**2 + 9*f + 5. What is p(q)?
-25
Let l(g) = -128668*g + 64333*g + 64333*g - 17. What is l(-4)?
-9
Let o(f) be the first derivative of -3/2*f**2 + 7/3*f**3 + 14*f + 20 - 1/4*f**4. Let k be o(7). Let w(z) = z + 5. Give w(k).
-2
Let d = 4 - 4. Let v(i) be the second derivative of i**8/6720 + i**7/2520 - i**5/24 - 11*i**4/6 + 12*i. Let b(j) be the third derivative of v(j). Give b(d).
-5
Let j = 188 - 227. Let w(g) = 8*g + 317. Let f be w(j). Let r(s) = -s**2 + 12*s - 8. Let d(y) = y**2 - 11*y + 7. Let a(x) = -6*d(x) - 5*r(x). Calculate a(f).
3
Let o(k) = -1. Let t = 39 - 37. Let l(y) = 12 - y + t - 19. Let i(q) = -2*l(q) + 11*o(q). Calculate i(-4).
-9
Let p(i) = -i - 8. Let m(q) = -3*q + 23. Let d be m(7). Let c(v) be the second derivative of -7*v**3/6 + 5*v**2 - 6*v - 4. Let k be c(d). Determine p(k).
-4
Let s be 2/(-4)*(-2 + 4)*-6. Let u(t) = 25 - 7*t + s*t - 23. Suppose f = -3*z - z + 19, -5*f + 38 = z. Determine u(f).
-5
Let z(b) be the second derivative of -3*b**4/4 + b**3/6 - b**2/2 + 5516*b. Let v be 6/(1 + 1) - -1. Suppose -m + v*g + 6 = 3*g, g + 4 = -m. Determine z(m).
-9
Let y(m) = m - 5. Let h = -120 + 116. Let r be (15/h + 5)/(3/12). What is y(r)?
0
Let t(k) = -2*k**3 - 18*k**2 - k - 3. Let i(d) = 66*d + 453. Let p be i(-7). Determine t(p).
6
Suppose -72 = -3*m + 2*b + 2*b, 40 = m + 4*b. Suppose 4*a = -0*a + 3*k + 23, -2*a = 4*k - m. Suppose 2*p = a - 20. Let x(s) = -s**3 - 6*s**2 + 3. Give x(p).
3
Let p(b) = -5*b**3 - 79*b**2 + 74*b - 151. Let s(a) = -2*a**3 - 27*a**2 + 25*a - 51. Let l(u) = -3*p(u) + 8*s(u). Give l(20).
5
Let p be -5 + (-4380)/(-42) - 2/7. Suppose 0 = -71*d + 68*d + p. Suppose -37*n + d*n + 36 = 0. Let l(u) = -u**2 + 9*u + 3. Give l(n).
3
Suppose y = 3*y - 2 + 28. Let u(f) = 3*f + 38. Calculate u(y).
-1
Let o be (6/2 - (-115)/(-23)) + -6. Let c(d) = -13*d + 21. Let h(a) = 7*a - 11. Let j(g) = 6*c(g) + 11*h(g). Give j(o).
13
Suppose 24 = -2*t + 10*t. Suppose 20 = 7*n + t*n. Suppose 22 + n = 4*l. Let f(z) = -z**3 + 6*z**2 + z - 2. Give f(l).
4
Let d = -28 + 64. Suppose 26*p -